 w is divided by h(1)?
26
Suppose -4*u + 0*k - 53 = 3*k, -u = 5*k + 9. Let q be ((-72)/u)/(12/56). Let w = q - 8. What is the remainder when w is divided by 5?
1
Let g = -524 - -754. Calculate the remainder when g is divided by 18.
14
Let a be (-32)/(-8)*1/2. Let t be (0 - (0 - 0)) + a. Suppose -t*k = -5*l + 133, 4*l - l - 84 = -3*k. Calculate the remainder when l is divided by 7.
6
Let q = 991 + -921. Calculate the remainder when q is divided by 61.
9
Suppose -5*b + 65 = 20. Suppose 2*d + d - 9 = 0, -d + b = 3*y. Suppose y*u - 21 = 53. What is the remainder when u is divided by 10?
7
Let c(q) = q**3 + 12*q**2 - 28*q + 2. Let w be c(-14). Suppose -4*i = 5*y - 58, -i = -0*i - w. What is the remainder when 108 is divided by y?
8
Let j(o) = 19*o**2. Let z be j(-2). Suppose -z = 112*b - 114*b. What is the remainder when b is divided by 14?
10
Suppose 0 = h - 2 - 32. Let t = -58 + 65. What is the remainder when h is divided by t?
6
Suppose 5*j = 2*n - 86, -3*n + 6*n - 3*j - 129 = 0. What is the remainder when 156 is divided by n?
27
Suppose 2*b + 408 = 3*i, -3*i + 183 = 2*b - 225. Calculate the remainder when i is divided by 37.
25
Let b(o) = -o**2 + 8*o - 3. Let k be b(10). Let m = 30 - k. Let g = m + -31. Calculate the remainder when g is divided by 4.
2
Suppose 1573*n - 47 = 1572*n. Calculate the remainder when 53 is divided by n.
6
Let h = 2150 - 1711. Calculate the remainder when h is divided by 49.
47
Let h be ((-21)/(-6) + -6)*(-4)/5. What is the remainder when 59 is divided by (-42)/7*(h - (-9)/(-2))?
14
Suppose -272 = -3*y - 5*s, 5*y + 4*s = 350 + 86. Suppose -36 = -2*c - 2. What is the remainder when y is divided by c?
16
Let r = -1278 - -1348. Let n = -9 + 13. What is the remainder when r is divided by n?
2
Suppose 70*x + 35 = 77*x. Calculate the remainder when (-2)/8 - (-159)/12 is divided by x.
3
Let o(q) = -q**2 + 17*q - 14. Calculate the remainder when o(6) is divided by 35.
17
Let d be 0 + -51 + 0 + -1. Let z = -19 - d. Suppose -564 = -43*n - 48. Calculate the remainder when z is divided by n.
9
Let w = -1 + 11. What is the remainder when (w/(-4) + -2)*-12 is divided by 28?
26
Let m(a) = a - 15. Let f be m(15). Suppose -4*l = -4*v - f*v - 16, 0 = 3*l - 12. Suppose -3*n - n + 52 = v. What is the remainder when n is divided by 4?
1
Let q be 4 + 6 + (-2 - -4). Let j = q - 1. What is the remainder when 63 is divided by j?
8
Calculate the remainder when (2586/(-4) - -4)*(-26)/65 is divided by 12.
5
Suppose 4*x - 285 = 3*f, -2*f + x + x - 188 = 0. Let s = f + 107. Let p(v) = 11*v + 1. Calculate the remainder when p(4) is divided by s.
13
Let h(r) = -r**3 - 7*r**2 - 4*r + 3. Let a be h(-4). Let k = -27 - a. Let c = 5 + -3. Calculate the remainder when c is divided by k.
0
Let o(z) = 64*z**3 - z**2 - z + 1. Suppose 0 = 2*p - 8, 3*p = 5*t + 44 - 12. Calculate the remainder when o(1) is divided by (0 + -4)/(1/t).
15
Let v(b) = -b**2 + 23*b - 34. Let r be v(13). Let t = r - 58. Calculate the remainder when 75 is divided by t.
37
Let o(j) = 2*j - 1. Let z be o(-2). Let y = z + 7. Suppose -h = 2*m + 2*m - 39, 51 = y*h - m. What is the remainder when 80 is divided by h?
26
What is the remainder when ((-36)/24)/((-3)/380) is divided by 67?
56
Let l be (-442)/10 + 31/155. Let u = l - -60. Calculate the remainder when u is divided by 10.
6
Let t(h) = h**2 + h - 3. Let q be t(2). Suppose q*l = 2*o + 3*o + 97, 4*o = -8. Calculate the remainder when l is divided by 4.
1
Let h(l) = -39*l - 369. Calculate the remainder when h(-13) is divided by 32.
10
Let i(h) = -3*h + 71. Let p = 97 - 74. Calculate the remainder when (-16)/20*(-10)/4 is divided by i(p).
0
Suppose -r = 5*w - 34, 3*w - 2 = -2*r + 52. Calculate the remainder when (142/18)/(88/792)*3 is divided by r.
21
Let s = 676 + -634. Calculate the remainder when 120 is divided by s.
36
Let d = 183 - 166. Calculate the remainder when 82 is divided by d.
14
Suppose 8*n = 3*l + 3*n - 2, -l + 6 = -3*n. Let s = 22 + l. Suppose 0 = -3*t + 7*t - s. Calculate the remainder when t is divided by 3.
1
Let r(s) = -s**3 + 11*s**2 + 25*s + 27. Calculate the remainder when 135 is divided by r(13).
9
Suppose 0 = -4*l - 4*n, l + 0 - 2 = -2*n. Let v(i) = i**2 - 9*i + 19*i - 8*i - 2 + 3*i**2 - i**2. Calculate the remainder when 9 is divided by v(l).
3
Let z be (-11)/4 + 4/(-16)*1. Calculate the remainder when 16 is divided by ((-25)/45*z)/((-2)/(-6)).
1
Suppose 0 = -3*n + 71 - 11. Suppose 5*c - 3*d = 396, -2*c - 304 = -6*c - 4*d. Calculate the remainder when c is divided by n.
18
Let w = 296 - 26. Calculate the remainder when w is divided by 13.
10
Let q(n) = -n**2 - 16*n + 8. Let j be (-4)/(5/((-105)/2)). Let v = 61 - j. What is the remainder when q(-12) is divided by v?
18
Let n = 53 - -2. Suppose 2*m - 3*m + 25 = 2*u, 0 = -4*u - 3*m + n. What is the remainder when 32 is divided by u?
2
Let i = -2 - -1. Let a be i*(0 - (-3)/(-1)). What is the remainder when 17 is divided by 3/9 - (-26)/a?
8
Let i(t) = -t**2 + t - 11. Let p(l) = 2*l**2 + 10. Let k(z) = 3*i(z) + 2*p(z). What is the remainder when k(-6) is divided by -2 + (-5)/(-1) - 0?
2
Let k(g) = -5*g - 16. Let l = -53 + 44. Calculate the remainder when k(l) is divided by 6.
5
Let m = 155 - -18. What is the remainder when m is divided by 22?
19
Suppose -2*j = 2*o + 110, -131 = 3*j - j - 5*o. Let z = j + 71. Let q = -8 - -12. What is the remainder when z is divided by q?
1
Let z(g) = 51*g + 11. What is the remainder when z(1) is divided by 23?
16
Calculate the remainder when 215 is divided by -116*(-1)/4 + 7.
35
Let w(c) = 3*c**2 - 1. Suppose 3*o = -2*o. Suppose x = -o + 2. What is the remainder when 20 is divided by w(x)?
9
Suppose 787 = 6*z - 23. Calculate the remainder when z is divided by 14.
9
Let l = -20 + -4. Let q be -30*-2*(-4)/l. Let s = 19 - q. Calculate the remainder when 17 is divided by s.
8
Let n(c) = -2*c - 31. Calculate the remainder when 24 is divided by n(-23).
9
Let k(i) = 3*i**2 + 7*i + 11. Calculate the remainder when k(-2) is divided by 2.
1
Let h(q) = q**3 - 14*q**2 + 26*q - 12. Calculate the remainder when h(12) is divided by 2.
0
Suppose -45*n + 3869 = -28441. Calculate the remainder when n is divided by 33.
25
Let f = 39 - 31. Suppose f*x - 120 = -0*x. Suppose -c - 2*p = 0, 3*p - p = 4*c - 30. What is the remainder when x is divided by c?
3
Suppose 2*n - n + 5*b - 9 = 0, 4*n = -5*b + 21. Suppose -o + x + 68 = -0*o, -n*o + 307 = 3*x. What is the remainder when o is divided by (114/(-15))/((-4)/10)?
16
Let l = 28 - 25. Suppose 0 = -2*t - 4*p + 10, 3*p - 14 = -l*t + 16. Calculate the remainder when t is divided by 7.
1
Let n(i) = -2*i**2 + 30*i - 5. Calculate the remainder when n(14) is divided by 5.
3
Suppose -3*p = 2*t - 18, -4*p + 6*p = -2*t + 10. Suppose 2*k - 72 = q - 15, -2*k - q + 55 = 0. Calculate the remainder when k is divided by p.
4
Let j(g) = -g**3 + 25*g**2 + 28*g - 50. Let d be ((-2)/(-5))/((-2)/(-10)). Let u = 9 - d. Calculate the remainder when u is divided by j(26).
1
Suppose -4*f - 2*v = 40, -2*f + 5*v + 28 = -4*f. What is the remainder when ((-5)/(30/f))/((-15)/(-130)) is divided by 4?
1
Suppose -f - 2*c = -0*f + 36, 0 = 3*f - 3*c + 81. What is the remainder when 31 is divided by (24/(-7))/(f/105)?
7
Let a(s) = 5*s - 9. Let x be (-1)/((-4)/(2 + 62)). Let c = x - 11. Calculate the remainder when a(c) is divided by 9.
7
Let z(a) = 30*a**3 - 3*a**2 + 3*a - 1. Calculate the remainder when 118 is divided by z(1).
2
Let k(c) = 10*c + 5. Let n be k(-2). Suppose 2*d - 18 + 48 = 0. Calculate the remainder when ((-50)/d)/((-2)/n) is divided by 7.
4
Calculate the remainder when 195 is divided by 2670/95 + (-8)/76.
27
Let k = 752 - 748. What is the remainder when 61 is divided by k?
1
Let p = 35 - 29. Suppose 2*a = -3*y + p + 10, 3*a = -3*y + 27. Suppose -1 = -t + 3. Calculate the remainder when a is divided by t.
3
Let s(c) = 4*c**2 - 58*c - 57. Let x(w) = 2*w**2 - 7*w - 7. Calculate the remainder when x(6) is divided by s(-1).
3
Let r(a) = 2*a**2 - 9*a + 5. Calculate the remainder when r(7) is divided by 22.
18
Suppose -2*f + 19 = -k, -f = 2*k - 5 - 2. What is the remainder when 42 is divided by 3/(f/33*1)?
9
Let o(k) = k - 8. Calculate the remainder when 741 is divided by o(25).
10
Let o = -13 + -9. What is the remainder when -30